 and u?
13
Let y(c) = -c**3 + 16*c**2 + 105*c + 9. Let i be y(21). Calculate the greatest common divisor of i and 9.
9
Let i(s) = -4*s + 28. Let x be i(13). Let d = x - -29. Suppose -d*a + 38 = -4*a - 4*q, 5*a - 209 = q. Calculate the greatest common divisor of 6 and a.
6
Let f(o) = -2*o**3 - 2*o**2 + 1. Let r = -16 - -14. Let t be f(r). Suppose -4*w = -t - 3. What is the greatest common divisor of w and 1?
1
Suppose -3*d = 3*n, 2 = -3*d - 4*n - 3. Let l(y) = 5*y - 17. Let v be l(d). Calculate the highest common divisor of 88 and v.
8
Let q = 835 - 494. What is the highest common factor of q and 11?
11
Let o(k) = k**2 - 5*k. Suppose -7 = j + 5*w, 5*j - 2*w + 3*w - 13 = 0. Suppose d - 24 = -j*d. Let p be o(d). What is the greatest common factor of 9 and p?
3
Suppose -39*p = 1108 - 9181. Calculate the greatest common factor of 9 and p.
9
Let n be (-1 - -22)/((-3)/(-9)). Let y = -3 + 12. Calculate the highest common factor of n and y.
9
Let w = 356 + -341. What is the highest common divisor of w and 915?
15
Let z = 425 - 100. What is the greatest common factor of z and 25?
25
Let o = -351 + 466. Calculate the highest common divisor of o and 2875.
115
Let o(d) = -5*d + 1. Suppose 3*p = 2*x + 5, -5*p + 2*x + 9 = -6*p. Let v be o(p). What is the greatest common factor of v and 2?
2
Let y = 13 + 6. Suppose y*m - 15*m = 44. Calculate the highest common factor of 44 and m.
11
Suppose 1710 = 23*u - 153. Calculate the greatest common divisor of 189 and u.
27
Suppose 0 = -0*o + 3*o + 9, -a = -4*o - 28. Let r = 25 - a. Calculate the greatest common factor of r and 9.
9
Suppose 4 = -7*y + 88. What is the greatest common factor of y and 24?
12
Suppose 12 = 3*g - 12. Let b(t) = -8*t**2 + 234*t + 38. Let n be b(29). What is the greatest common divisor of g and n?
8
Suppose -2*w + 3*v = 4, 7 = -3*w + 12*v - 7*v. Suppose 0 = t - 4*t - 18. Let z be (-4)/t - 50/(-6). Calculate the highest common factor of z and w.
1
Suppose -266 = -27*z + 8*z. Suppose 2*o - 5 = 5. Suppose 4*n + 64 = 2*v, -4*n - n + 130 = o*v. What is the greatest common factor of v and z?
14
Let s = 51 - 65. Let y be 37/s*-2 + (-36)/126. What is the greatest common factor of y and 80?
5
Let q = -148 + 148. Suppose q = -10*s + 22 + 48. Calculate the greatest common factor of s and 1.
1
Suppose 7 - 13 = -3*q. Suppose -5*m - 4 = 3*w, -w = -0*w + 2*m + q. Calculate the greatest common factor of w and 16.
2
Suppose 320 = -3*v + 2. Let y = v - -176. Calculate the highest common factor of y and 10.
10
Let c = -718 + 746. What is the highest common factor of 1162 and c?
14
Let b be (-6 - -6)/(2/2). Let k be (-462)/(-1 + -1) + b. Let a(s) = 3*s**3 - s**2 + s - 1. Let c be a(2). Calculate the greatest common divisor of c and k.
21
Let a be ((-12)/4)/(-1) + 0. Suppose -2*q = -w - 4, -q - a + 0 = 2*w. Let i be w/12 + (-200)/(-48). Calculate the greatest common factor of 32 and i.
4
Let l be 1 - (2 - (0 + 1)). Suppose -48 + l = 2*u + 3*y, -y - 58 = 3*u. Let m = u + 31. Calculate the highest common divisor of m and 65.
13
Let p be -2 - -5 - (-2 - (-8 - 0)). Suppose 7 = 4*f - 5. Let y be f/((-6)/4 - p). Calculate the greatest common divisor of 18 and y.
2
Let v be (2/10*9)/((-3)/(-15)). Let h be ((-1)/(-3))/((-2)/(-6)) - -44. What is the highest common factor of v and h?
9
Suppose -r = 9 - 12. Suppose 4*f + 10 = r*c, -1 + 4 = -3*f. Suppose -6*l + 8 = -2*l. What is the highest common divisor of l and c?
2
Suppose -4*b = -3*t + 89, -3*b = -6 - 6. What is the greatest common divisor of t and 15?
5
Let u = 68 - -101. What is the highest common divisor of u and 65?
13
Let l(g) = -g**2 + 6*g + 6. Let q = -47 - -52. Let r be l(q). Calculate the highest common factor of 44 and r.
11
Suppose y + 3*y = -4*v + 1444, -3*v - 1437 = -4*y. Suppose 18*l + y = 23*l. Calculate the greatest common factor of 18 and l.
18
Let n = -532 - -576. What is the greatest common factor of n and 11?
11
Let b(a) = -a**2 - 10*a - 16. Suppose -7 = o - 11. Suppose 0 = -0*h + o*h + 28. Let z be b(h). What is the highest common divisor of z and 20?
5
Let y = 158 - 64. Let o = y + -85. What is the greatest common factor of 36 and o?
9
Suppose -7*r + 19 = f - 3*r, 0 = 4*f + r - 16. Let i be (0 - -1)/f - 3250/(-78). Calculate the highest common factor of i and 18.
6
Suppose -16 = 3*u - 7*u. Suppose 2*r + 24 = 5*r - d, -r = -2*d - 8. Let t = r - u. Calculate the highest common divisor of 10 and t.
2
Let s = -22 + 31. Let n = s - -23. Suppose -u + 3*u = n. What is the greatest common factor of 2 and u?
2
Let c(n) = 3*n + 24. Let m be c(-5). Let h be (36/16)/(m/24). Calculate the highest common divisor of h and 24.
6
Let k be (-6*(-6)/108)/(2/84). What is the greatest common factor of 217 and k?
7
Suppose -3*u + 2*u + 24 = 0. Suppose u = 5*a + a. What is the greatest common factor of 16 and a?
4
Suppose 0 = -546*i + 537*i + 2250. What is the highest common factor of i and 100?
50
Let m(l) = l**3 + 3*l**2 - 55*l + 14. Let v be m(6). What is the highest common factor of v and 8?
8
Let d = 439 + -363. What is the highest common factor of 494 and d?
38
Suppose y + 3*w = 204, 3*y + 305 = -2*w + 952. Let q be (-4)/(-8) - y/2*-1. What is the greatest common factor of q and 10?
10
Let o(n) = n**3 + 11*n**2 + 13*n - 15. Let y be o(-9). Calculate the highest common factor of y and 12.
6
Suppose -12*l + 6*l = -108. Calculate the highest common factor of 444 and l.
6
Let f(x) = 7*x**2 + 58*x - 17. Let q be f(-15). What is the greatest common divisor of q and 258?
86
Suppose -21*y - 192 = 8*y - 41*y. Suppose 5*q = -25, 3*r = 2*q - 0*q + 16. Calculate the highest common factor of y and r.
2
Let j(o) = o**3 - 3*o**2 - 2*o + 6. Let s be j(4). Suppose 23*h = -12*h + 70. Calculate the greatest common divisor of h and s.
2
Let n(k) = -2*k**3 - 2*k**2 + 3*k + 2. Let z be n(-2). Let o be 2*(-4 + z - -1). Let d = 18 - o. Calculate the highest common factor of d and 2.
2
Suppose 1087 = 11*y - 365. What is the highest common factor of 12 and y?
12
Let w = 12 - 9. Suppose 0*t = -w*t - 12, -t = 2*u - 16. What is the highest common divisor of 80 and u?
10
Let y(r) = 5*r**3 - 8*r**2 + 18*r + 7. Let g be y(2). Suppose 2*u - u = 34. What is the highest common divisor of g and u?
17
Suppose -5*l - 2*l = -196. Calculate the greatest common factor of 16 and l.
4
Let z = 3 + -4. Let c be (2*7)/2 + z. Let a be (-208)/(-5) + 38/95. What is the greatest common factor of c and a?
6
Let y(b) = b**3 + 13*b**2 - 16*b - 7. Let k be 17*-1 - (1 - 4). Let j be y(k). What is the highest common divisor of 3 and j?
3
Suppose -5*c + 55 = -0*c. Suppose -c - 4 = -3*b, -4*m + b = -67. Suppose -a + 2*z = -27, 5*a - 127 = -5*z + 8. What is the highest common divisor of m and a?
9
Suppose -18*a - 17*a = -12635. Calculate the highest common factor of a and 38.
19
Let y(c) = c**3 - 6*c**2 - 7*c + 10. Let i(x) = 3*x + 1. Suppose -3 = -2*j + 1. Let l be i(j). Let n be y(l). What is the highest common divisor of n and 15?
5
Suppose -747 = -2*r - 659. What is the greatest common factor of 11 and r?
11
Let d be 1 + 4 + 5/(-5). Suppose d*a + 0*a - 6048 = 0. Let i be ((-2)/(-3))/(16/a). Calculate the highest common divisor of 21 and i.
21
Let u(i) = 14*i - 154. Let l be u(16). Calculate the greatest common divisor of 140 and l.
70
Let i(l) = l**2 + 8*l - 72. Let o be i(-14). Calculate the greatest common divisor of 300 and o.
12
Let f be 92 - (-7 + 8)*2. Let o be (-2)/5 + (-231)/(-15). What is the highest common divisor of f and o?
15
Suppose -2*v - 100 = -4*v. Suppose 2*z + 6*s = 7*s + 22, -8 = 4*s. What is the greatest common divisor of z and v?
10
Let l(x) = -2*x**2 - 13*x + 1. Let i be l(-4). What is the greatest common divisor of i and 119?
7
Suppose 14 = 5*w + 89. Let a be ((-24)/w)/(-4)*-55. Let h = 31 - a. Calculate the greatest common factor of h and 99.
9
Let z be 168/77 + (-2)/11. Let i(j) = j - 4*j**3 - 6 - 3*j - 6*j - z*j - 3*j**2. Let c be i(-4). What is the highest common divisor of 22 and c?
22
Suppose -8 + 4 = -4*w. Let g be (-5)/((-3)/9*w). Calculate the greatest common factor of 6 and g.
3
Let h = -30 - -80. Suppose 7*j = 9*j - h. Calculate the greatest common factor of j and 25.
25
Suppose -2*d - 108 = -2*m, 5*d - 70 = -3*m + 116. Calculate the highest common divisor of 6 and m.
3
Let q = -99